{"id":1495,"date":"2023-06-22T10:43:30","date_gmt":"2023-06-22T10:43:30","guid":{"rendered":"http:\/\/karriere.xn--gsgen-kva.com\/?page_id=1495"},"modified":"2023-08-04T10:24:05","modified_gmt":"2023-08-04T10:24:05","slug":"auszubildung","status":"publish","type":"page","link":"https:\/\/karriere.xn--gsgen-kva.com\/?page_id=1495","title":{"rendered":"Ausbildung"},"content":{"rendered":"<h1>Auszubildenden (m\/w\/d)<br \/> als Anlagenmechaniker SHK<\/h1>\n<ul>\n<li>\n<div>sofort<\/div>\n<p>Arbeitsbeginn<\/p>\n<\/li>\n<li>\n<div>unbefristet<\/div>\n<p>Befristung<\/p>\n<\/li>\n<li>\n<div>Vollzeit<\/div>\n<p>Vertragsart<\/p>\n<\/li>\n<\/ul>\n<h2>Beschreibung<\/h2>\n<div>\n<div class=\"flex flex-grow flex-col gap-3\">\n<div class=\"min-h-[20px] flex items-start overflow-x-auto whitespace-pre-wrap break-words flex-col gap-4\">\n<div class=\"markdown prose w-full break-words dark:prose-invert light\">\n<p>M\u00f6chtest du eine berufliche T\u00e4tigkeit aus\u00fcben, bei der du deine handwerklichen F\u00e4higkeiten aktiv einsetzen kannst? Dann starte deine Karriere bei uns als Auszubildender zum\/zur Anlagenmechaniker\/-in f\u00fcr Sanit\u00e4r-, Heizungs- und Klimatechnik!<\/p>\n<p>Als Auszubildender zum\/zur Anlagenmechaniker\/-in f\u00fcr Sanit\u00e4r-, Heizungs- und Klimatechnik bist du stets unterwegs, ausgestattet mit Spezialwerkzeugen, um L\u00f6sungen zu finden, Anlagen zu reparieren und einzurichten. Tauche ein in ein spannendes Arbeitsfeld und lerne vielseitige handwerkliche Aufgaben kennen.<\/p>\n<\/div>\n<\/div>\n<\/div>\n<\/div>\n<h2>Was wir bieten<\/h2>\n<ul>\n<li>\n<div>\n<p>Ein gro\u00dfartiges Team, das Zusammenarbeit und Unterst\u00fctzung f\u00f6rdert.<\/p>\n<\/div>\n<\/li>\n<li>\n<div>\n<p>Ein Umfeld gepr\u00e4gt von gegenseitigem Respekt und einem freundlichen Umgang miteinander.<\/p>\n<\/div>\n<\/li>\n<li>\n<div>\n<p>Einen sicheren Ausbildungsplatz mit einem festen Einkommen.<\/p>\n<\/div>\n<\/li>\n<li>\n<div>\n<p>Spannende und abwechslungsreiche Themen- und Aufgabenbereiche, die dich herausfordern und f\u00f6rdern.<\/p>\n<\/div>\n<\/li>\n<\/ul>\n<h2>Was wir erwarten<\/h2>\n<ul>\n<li>\n<div>\n<p>Interesse an einem Job, der handwerklich-praktische, theoretische und organisatorische T\u00e4tigkeiten vereint.<\/p>\n<\/div>\n<\/li>\n<li>\n<div>\n<p>Technisches Verst\u00e4ndnis und die F\u00e4higkeit, komplexe Zusammenh\u00e4nge zu erfassen.<\/p>\n<\/div>\n<\/li>\n<li>\n<div>\n<p>Handwerkliches Geschick und die F\u00e4higkeit, pr\u00e4zise und sorgf\u00e4ltig zu arbeiten.<\/p>\n<\/div>\n<\/li>\n<li>\n<div>\n<p>Verantwortungsbewusstsein, Zuverl\u00e4ssigkeit und Flexibilit\u00e4t, um den Anforderungen des Berufs gerecht zu werden.<\/p>\n<\/div>\n<\/li>\n<\/ul>\n<h1>Jetzt bewerben<\/h1>\n<div>\n<div>\n<div class=\"frm_forms  with_frm_style frm_style_big-text\" id=\"frm_form_2_container\" >\n<form enctype=\"multipart\/form-data\" method=\"post\" class=\"frm-show-form  frm_pro_form \" id=\"form_vgv0n\" >\n<div class=\"frm_form_fields \">\n<fieldset>\n<legend class=\"frm_screen_reader\">Bewerberformular<\/legend>\r\n\r\n<div class=\"frm_fields_container\">\n<input type=\"hidden\" name=\"frm_action\" value=\"create\" \/>\n<input type=\"hidden\" name=\"form_id\" value=\"2\" \/>\n<input type=\"hidden\" name=\"frm_hide_fields_2\" id=\"frm_hide_fields_2\" value=\"\" \/>\n<input type=\"hidden\" name=\"form_key\" value=\"vgv0n\" \/>\n<input type=\"hidden\" name=\"item_meta[0]\" value=\"\" \/>\n<input type=\"hidden\" id=\"frm_submit_entry_2\" name=\"frm_submit_entry_2\" value=\"39548b61b4\" \/><input type=\"hidden\" name=\"_wp_http_referer\" value=\"\/index.php?rest_route=%2Fwp%2Fv2%2Fpages%2F1495\" \/>\t\t<input  type=\"hidden\" name=\"item_meta[27]\" id=\"field_w8bfn\" value=\"karriere.xn--gsgen-kva.com\/index.php?rest_route=%2Fwp%2Fv2%2Fpages%2F1495\"  data-frmval=\"karriere.xn--gsgen-kva.com\/index.php?rest_route=%2Fwp%2Fv2%2Fpages%2F1495\"   \/>\n\t\t<div id=\"frm_field_6_container\" class=\"frm_form_field form-field   frm12 frm_first\">\r\n    <label for=\"field_x8ztm\" id=\"field_x8ztm_label\" class=\"frm_primary_label\">Pers\u00f6nliche Angaben\r\n        <span class=\"frm_required\" aria-hidden=\"true\"><\/span>\r\n    <\/label>\r\n    \r\n    \r\n    \r\n<div id=\"frm_field_7_container\" class=\"frm_form_field form-field  frm_none_container frm12 frm_first\">\r\n    <label for=\"field_jdini\" id=\"field_jdini_label\" class=\"frm_primary_label\">Titel\r\n        <span class=\"frm_required\" aria-hidden=\"true\"><\/span>\r\n    <\/label>\r\n    <input  type=\"text\" id=\"field_jdini\" name=\"item_meta[7]\" value=\"\"  data-sectionid=\"18\"  placeholder=\"Titel\" data-invmsg=\"Text ist ung\u00fcltig\" aria-invalid=\"false\"   \/>\r\n    \r\n    \r\n<\/div>\n<div id=\"frm_field_8_container\" class=\"frm_form_field form-field  frm_required_field frm_none_container\">\r\n    <label for=\"field_qh4icy2\" id=\"field_qh4icy2_label\" class=\"frm_primary_label\">Vorname\r\n        <span class=\"frm_required\" aria-hidden=\"true\">*<\/span>\r\n    <\/label>\r\n    <input  type=\"text\" id=\"field_qh4icy2\" name=\"item_meta[8]\" value=\"\"  data-sectionid=\"18\"  placeholder=\"Vorname\" data-reqmsg=\"Dieses Feld darf nicht leer sein.\" aria-required=\"true\" data-invmsg=\"Name ist ung\u00fcltig\" aria-invalid=\"false\"   \/>\r\n    \r\n    \r\n<\/div>\n<div id=\"frm_field_9_container\" class=\"frm_form_field form-field  frm_required_field frm_none_container\">\r\n    <label for=\"field_ocfup12\" id=\"field_ocfup12_label\" class=\"frm_primary_label\">Nachname\r\n        <span class=\"frm_required\" aria-hidden=\"true\">*<\/span>\r\n    <\/label>\r\n    <input  type=\"text\" id=\"field_ocfup12\" name=\"item_meta[9]\" value=\"\"  data-sectionid=\"18\"  placeholder=\"Nachname\" data-reqmsg=\"Dieses Feld darf nicht leer sein.\" aria-required=\"true\" data-invmsg=\"Last ist ung\u00fcltig\" aria-invalid=\"false\"   \/>\r\n    \r\n    \r\n<\/div>\n<div id=\"frm_field_10_container\" class=\"frm_form_field form-field  frm_required_field frm_none_container\">\r\n    <label for=\"field_twyja\" id=\"field_twyja_label\" class=\"frm_primary_label\">Stra\u00dfe, Hausnummer\r\n        <span class=\"frm_required\" aria-hidden=\"true\">*<\/span>\r\n    <\/label>\r\n    <input  type=\"text\" id=\"field_twyja\" name=\"item_meta[10]\" value=\"\"  data-sectionid=\"18\"  placeholder=\"Stra\u00dfe, Hausnummer\" data-reqmsg=\"Dieses Feld darf nicht leer sein.\" aria-required=\"true\" data-invmsg=\"Text ist ung\u00fcltig\" aria-invalid=\"false\"   \/>\r\n    \r\n    \r\n<\/div>\n<div id=\"frm_field_11_container\" class=\"frm_form_field form-field  frm_required_field frm_none_container\">\r\n    <label for=\"field_tr8wd\" id=\"field_tr8wd_label\" class=\"frm_primary_label\">PLZ, Ort\r\n        <span class=\"frm_required\" aria-hidden=\"true\">*<\/span>\r\n    <\/label>\r\n    <input  type=\"text\" id=\"field_tr8wd\" name=\"item_meta[11]\" value=\"\"  data-sectionid=\"18\"  placeholder=\"PLZ, Ort\" data-reqmsg=\"Dieses Feld darf nicht leer sein.\" aria-required=\"true\" data-invmsg=\"Text ist ung\u00fcltig\" aria-invalid=\"false\"   \/>\r\n    \r\n    \r\n<\/div>\n<div id=\"frm_field_12_container\" class=\"frm_form_field form-field  frm_none_container\">\r\n    <label for=\"field_ee25i\" id=\"field_ee25i_label\" class=\"frm_primary_label\">Geburtsdatum\r\n        <span class=\"frm_required\" aria-hidden=\"true\"><\/span>\r\n    <\/label>\r\n    <input type=\"text\" id=\"field_ee25i\" name=\"item_meta[12]\" value=\"\"  data-sectionid=\"18\"  placeholder=\"Geburtsdatum\" data-invmsg=\"Datum ist ung\u00fcltig\" class=\"frm_date\" aria-invalid=\"false\"  \/>\r\n    \r\n    \r\n<\/div>\n<\/div>\n<div id=\"frm_field_14_container\" class=\"frm_form_field form-field  \">\r\n    <label for=\"field_6pamj\" id=\"field_6pamj_label\" class=\"frm_primary_label\">Kontakt\r\n        <span class=\"frm_required\" aria-hidden=\"true\"><\/span>\r\n    <\/label>\r\n    \r\n    \r\n    \r\n<div id=\"frm_field_15_container\" class=\"frm_form_field form-field  frm_required_field frm_none_container frm_full\">\r\n    <label for=\"field_29yf4d2\" id=\"field_29yf4d2_label\" class=\"frm_primary_label\">E-Mail\r\n        <span class=\"frm_required\" aria-hidden=\"true\">*<\/span>\r\n    <\/label>\r\n    <input type=\"email\" id=\"field_29yf4d2\" name=\"item_meta[15]\" value=\"\"  data-sectionid=\"11\"  placeholder=\"E-Mail\" data-reqmsg=\"Dieses Feld darf nicht leer sein.\" aria-required=\"true\" data-invmsg=\"Please enter a valid email address\" aria-invalid=\"false\"  \/>\r\n    \r\n    \r\n<\/div>\n<div id=\"frm_field_16_container\" class=\"frm_form_field form-field  frm_none_container\">\r\n    <label for=\"field_fyj1i\" id=\"field_fyj1i_label\" class=\"frm_primary_label\">Telefon\r\n        <span class=\"frm_required\" aria-hidden=\"true\"><\/span>\r\n    <\/label>\r\n    <input type=\"tel\" id=\"field_fyj1i\" name=\"item_meta[16]\" value=\"\"  data-sectionid=\"11\"  placeholder=\"Telefon\" data-invmsg=\"Telefon ist ung\u00fcltig\" aria-invalid=\"false\" pattern=\"((\\+\\d{1,3}(-|.| )?\\(?\\d\\)?(-| |.)?\\d{1,5})|(\\(?\\d{2,6}\\)?))(-|.| )?(\\d{3,4})(-|.| )?(\\d{4})(( x| ext)\\d{1,5}){0,1}$\"  \/>\r\n    \r\n    \r\n<\/div>\n<\/div>\n<div id=\"frm_field_18_container\" class=\"frm_form_field form-field  \">\r\n    <label for=\"field_pg2ac\" id=\"field_pg2ac_label\" class=\"frm_primary_label\">Dokumente\r\n        <span class=\"frm_required\" aria-hidden=\"true\"><\/span>\r\n    <\/label>\r\n    \r\n    \r\n    \r\n<div id=\"frm_field_19_container\" class=\"frm_form_field  frm_html_container form-field\">\n<p style=\"font-size:14px;\">Anschreiben \/ Lebenslauf \/ Bewerberbild \/ Weitere Anlagen (Zeugnisse, Bescheinigungen, Nachweise etc.)<\/p>\n<\/div>\n<div id=\"frm_field_20_container\" class=\"frm_form_field form-field  frm_none_container\">\r\n    <label for=\"field_r2fk6\" id=\"field_r2fk6_label\" class=\"frm_primary_label\">Dokumente\r\n        <span class=\"frm_required\" aria-hidden=\"true\"><\/span>\r\n    <\/label>\r\n    <input type=\"hidden\"  data-sectionid=\"16\"  data-invmsg=\"Datei-Upload ist ung\u00fcltig\" class=\"auto_width\" aria-invalid=\"false\"   name=\"item_meta[20][]\"  value=\"\" data-frmfile=\"20\" \/>\n\n<div class=\"frm_dropzone frm_multi_upload frm_clearfix\" id=\"file20_dropzone\" role=\"group\" >\n\t<div class=\"fallback\">\n\t\t<input type=\"file\" name=\"file20[]\" id=\"field_r2fk6\"\n\t\t\t data-frmfile=\"20\" multiple=\"multiple\"  data-sectionid=\"16\"  data-invmsg=\"Datei-Upload ist ung\u00fcltig\" class=\"auto_width\" aria-invalid=\"false\"  \t\t\t\/>\n\t\t\t\t<div class=\"frm_clearfix \"><\/div>\n\t<\/div>\n\t<div class=\"dz-message needsclick\">\n\t\t\t\t<svg  viewBox=\"0 0 18 18\" class=\"frmsvg frm-svg-icon\">\n\t<path viewBox=\"0 0 18 18\" fill-rule=\"evenodd\" clip-rule=\"evenodd\" d=\"M8.2 4v8a.8.8 0 001.5 0V4l2.1 2.2A.7.7 0 1013 5L9.5 1.7a.7.7 0 00-1.1 0L5.1 5.2a.8.8 0 001 1l2.1-2zm7.6 4.3c.4 0 .7.3.7.7v6.8c0 .4-.3.7-.8.7H2.3a.8.8 0 01-.8-.8V9A.8.8 0 013 9v6h12V9c0-.4.3-.8.8-.8z\"><\/path>\n<\/svg>\t\t<span class=\"frm_upload_text\"><button type=\"button\" aria-label=\"Dokumente. . Maximale Dateigr\u00f6\u00dfe: 25MB\"><\/button><\/span>\n\t\t<span class=\"frm_compact_text\"><button type=\"button\" aria-label=\"Dokumente. Choose File. Maximale Dateigr\u00f6\u00dfe: 25MB\">Choose File<\/button><\/span>\n\t\t<div class=\"frm_small_text\">\n\t\t\t<p>Maximale Dateigr\u00f6\u00dfe: 25MB<\/p>\n\t\t<\/div>\n\t<\/div>\n<\/div>\n\t\r\n    \r\n    \r\n<\/div>\n<\/div>\n<div id=\"frm_field_22_container\" class=\"frm_form_field form-field  frm_none_container vertical_radio\">\r\n    <div  id=\"field_gqjt7_label\" class=\"frm_primary_label\">Datenschutz\r\n        <span class=\"frm_required\" aria-hidden=\"true\"><\/span>\r\n    <\/div>\r\n    <div class=\"frm_opt_container\" aria-labelledby=\"field_gqjt7_label\" role=\"group\">\t\t<div class=\"frm_checkbox\" id=\"frm_checkbox_22-0\">\t\t\t<label  for=\"field_gqjt7-0\">\n\t\t\t<input type=\"checkbox\" name=\"item_meta[22][]\" id=\"field_gqjt7-0\" value=\"&lt;span style=&quot;font-size:11px;&quot;&gt;Ich habe die &lt;a href=&quot;http:\/\/www.xn--gsgen-kva.com\/datenschutz\/&quot; target=&quot;blank&quot;&gt; Datenschutzerkl\u00e4rung &lt;\/a&gt; gelesen und willige hiermit ein, dass meine Bewerbungsdaten wie beschrieben verwendet, verarbeitet und gespeichert werden d\u00fcrfen. Die Einwilligung kann jederzeit widerrufen werden. &lt;\/span&gt;\"  data-invmsg=\"Datenschutz ist ung\u00fcltig\"   \/> <span style=\"font-size:11px\">Ich habe die <a href=\"http:\/\/www.xn--gsgen-kva.com\/datenschutz\/\" target=\"blank\"> Datenschutzerkl\u00e4rung <\/a> gelesen und willige hiermit ein, dass meine Bewerbungsdaten wie beschrieben verwendet, verarbeitet und gespeichert werden d\u00fcrfen. Die Einwilligung kann jederzeit widerrufen werden. <\/span><\/label><\/div>\n<\/div>\r\n    \r\n    \r\n<\/div>\n<div id=\"frm_field_28_container\" class=\"frm_form_field form-field \">\n\t<div class=\"frm_submit\">\r\n\r\n<button class=\"frm_button_submit frm_final_submit\" type=\"submit\"   formnovalidate=\"formnovalidate\">Bewerbung absenden<\/button>\r\n\r\n\r\n<\/div>\n<\/div>\n\t<input type=\"hidden\" name=\"item_key\" value=\"\" \/>\n\t\t\t<div id=\"frm_field_29_container\">\n\t\t\t<label for=\"field_yzq0n\" >\n\t\t\t\tFalls Du menschlich bist, lasse dieses Feld leer.\t\t\t<\/label>\n\t\t\t<input  id=\"field_yzq0n\" type=\"text\" class=\"frm_form_field form-field frm_verify\" name=\"item_meta[29]\" value=\"\"  \/>\n\t\t<\/div>\n\t\t<input name=\"frm_state\" type=\"hidden\" value=\"IRhJySpuP\/TjvQEulkfk5cNftMsUC7H2tIycBeiBZXbxruLUJS8EST83oBJlK7bL\" \/><\/div>\n<\/fieldset>\n<\/div>\n\n<\/form>\n<\/div>\n\n<\/div>\n<\/div>\n<p><!--more--><br \/>\n<!-- {\"type\":\"layout\",\"children\":[{\"type\":\"section\",\"props\":{\"class\":\"image_gradient\",\"image\":\"wp-content\\\/uploads\\\/2023\\\/06\\\/Baeder-Familie-Trockels_Guesgen-21.jpg\",\"image_position\":\"center-center\",\"image_size\":\"cover\",\"media_overlay\":\"rgba(0, 0, 0, 0.23)\",\"media_overlay_gradient\":\"background: rgb(14,37,71); background: linear-gradient(112deg, rgba(14,37,71,0.8) 0%, rgba(14,37,71,0.8) 60%, rgba(255,255,255,0) 50%);\",\"style\":\"default\",\"text_color\":\"light\",\"title_breakpoint\":\"xl\",\"title_position\":\"top-left\",\"title_rotation\":\"left\",\"vertical_align\":\"middle\",\"width\":\"large\"},\"children\":[{\"type\":\"row\",\"children\":[{\"type\":\"column\",\"props\":{\"image_position\":\"center-center\",\"position_sticky_breakpoint\":\"m\"},\"children\":[{\"type\":\"headline\",\"props\":{\"class\":\"karriere_title\",\"content\":\"Auszubildenden (m\\\/w\\\/d)<br \/> als Anlagenmechaniker SHK\",\"margin\":\"default\",\"margin_remove_bottom\":false,\"position\":\"relative\",\"position_z_index\":\"1\",\"title_element\":\"h1\",\"title_style\":\"heading-small\"}},{\"type\":\"breadcrumbs\",\"props\":{\"show_current\":true,\"show_home\":true}}]}]}]},{\"type\":\"section\",\"props\":{\"animation\":\"fade\",\"animation_delay\":\"200\",\"image_position\":\"center-center\",\"padding_remove_bottom\":false,\"padding_remove_top\":false,\"style\":\"muted\",\"title_breakpoint\":\"xl\",\"title_position\":\"top-left\",\"title_rotation\":\"left\",\"vertical_align\":\"middle\",\"width\":\"large\"},\"children\":[{\"type\":\"row\",\"children\":[{\"type\":\"column\",\"props\":{\"image_position\":\"center-center\",\"position_sticky_breakpoint\":\"m\",\"width_medium\":\"2-3\"},\"children\":[{\"type\":\"grid\",\"props\":{\"content_column_breakpoint\":\"m\",\"css\":\".el-item{\\n    border-top:4px solid yellow;\\n}\",\"filter_align\":\"left\",\"filter_all\":true,\"filter_grid_breakpoint\":\"m\",\"filter_grid_width\":\"auto\",\"filter_position\":\"top\",\"filter_style\":\"tab\",\"grid_column_gap\":\"medium\",\"grid_default\":\"1\",\"grid_medium\":\"\",\"grid_row_gap\":\"medium\",\"grid_small\":\"3\",\"icon_width\":80,\"image_align\":\"top\",\"image_grid_breakpoint\":\"m\",\"image_grid_width\":\"1-2\",\"image_svg_color\":\"emphasis\",\"item_animation\":true,\"link_style\":\"default\",\"link_text\":\"Read more\",\"margin\":\"large\",\"margin_remove_bottom\":true,\"meta_align\":\"above-title\",\"meta_element\":\"div\",\"meta_style\":\"h2\",\"panel_padding\":\"default\",\"panel_style\":\"card-default\",\"parallax_easing\":\"1\",\"show_content\":true,\"show_image\":true,\"show_link\":true,\"show_meta\":true,\"show_title\":true,\"text_align\":\"center\",\"title_align\":\"top\",\"title_color\":\"muted\",\"title_element\":\"div\",\"title_grid_breakpoint\":\"m\",\"title_grid_width\":\"1-2\",\"title_hover_style\":\"reset\",\"title_margin\":\"small\",\"title_style\":\"h3\"},\"children\":[{\"type\":\"grid_item\",\"props\":{\"meta\":\"Arbeitsbeginn\",\"title\":\"sofort\"}},{\"type\":\"grid_item\",\"props\":{\"meta\":\"Befristung\",\"title\":\"unbefristet\"}},{\"type\":\"grid_item\",\"props\":{\"meta\":\"Vertragsart\",\"title\":\"Vollzeit\"}}]},{\"type\":\"headline\",\"props\":{\"animation\":\"none\",\"content\":\"Beschreibung\",\"position_z_index\":\"1\",\"title_decoration\":\"line\",\"title_element\":\"h2\",\"title_style\":\"h2\"}},{\"type\":\"text\",\"props\":{\"animation\":\"none\",\"column_breakpoint\":\"m\",\"content\":\"\n\n<div class=\\\"flex flex-grow flex-col gap-3\\\">\\n\n\n<div class=\\\"min-h-[20px] flex items-start overflow-x-auto whitespace-pre-wrap break-words flex-col gap-4\\\">\\n\n\n<div class=\\\"markdown prose w-full break-words dark:prose-invert light\\\">\\n\n\n<p>M\\u00f6chtest du eine berufliche T\\u00e4tigkeit aus\\u00fcben, bei der du deine handwerklichen F\\u00e4higkeiten aktiv einsetzen kannst? Dann starte deine Karriere bei uns als Auszubildender zum\\\/zur Anlagenmechaniker\\\/-in f\\u00fcr Sanit\\u00e4r-, Heizungs- und Klimatechnik!<\\\/p>\\n\n\n<p>Als Auszubildender zum\\\/zur Anlagenmechaniker\\\/-in f\\u00fcr Sanit\\u00e4r-, Heizungs- und Klimatechnik bist du stets unterwegs, ausgestattet mit Spezialwerkzeugen, um L\\u00f6sungen zu finden, Anlagen zu reparieren und einzurichten. Tauche ein in ein spannendes Arbeitsfeld und lerne vielseitige handwerkliche Aufgaben kennen.<\\\/p>\\n<\\\/div>\\n<\\\/div>\\n<\\\/div>\",\"margin\":\"default\",\"margin_remove_bottom\":false,\"position_z_index\":\"1\"}},{\"type\":\"headline\",\"props\":{\"animation\":\"none\",\"content\":\"Was wir bieten\",\"margin\":\"large\",\"margin_remove_bottom\":true,\"margin_remove_top\":false,\"position\":\"relative\",\"position_z_index\":\"1\",\"title_decoration\":\"line\",\"title_element\":\"h2\",\"title_style\":\"h2\"}},{\"type\":\"list\",\"props\":{\"animation\":\"none\",\"column_breakpoint\":\"m\",\"image_align\":\"left\",\"image_svg_color\":\"emphasis\",\"image_vertical_align\":true,\"list_element\":\"ul\",\"list_horizontal_separator\":\", \",\"list_marker\":\"disc\",\"list_marker_color\":\"primary\",\"list_type\":\"vertical\",\"position\":\"relative\",\"position_z_index\":\"1\",\"show_image\":true,\"show_link\":true},\"children\":[{\"type\":\"list_item\",\"props\":{\"content\":\"\n\n<p>Ein gro\\u00dfartiges Team, das Zusammenarbeit und Unterst\\u00fctzung f\\u00f6rdert.<\\\/p>\"}},{\"type\":\"list_item\",\"props\":{\"content\":\"\n\n<p>Ein Umfeld gepr\\u00e4gt von gegenseitigem Respekt und einem freundlichen Umgang miteinander.<\\\/p>\"}},{\"type\":\"list_item\",\"props\":{\"content\":\"\n\n<p>Einen sicheren Ausbildungsplatz mit einem festen Einkommen.<\\\/p>\"}},{\"type\":\"list_item\",\"props\":{\"content\":\"\n\n<p>Spannende und abwechslungsreiche Themen- und Aufgabenbereiche, die dich herausfordern und f\\u00f6rdern.<\\\/p>\"}}]},{\"type\":\"headline\",\"props\":{\"animation\":\"none\",\"content\":\"Was wir erwarten\",\"margin\":\"large\",\"margin_remove_bottom\":true,\"position\":\"relative\",\"position_z_index\":\"1\",\"title_decoration\":\"line\",\"title_element\":\"h2\",\"title_style\":\"h2\"}},{\"type\":\"list\",\"props\":{\"animation\":\"none\",\"column_breakpoint\":\"m\",\"image_align\":\"left\",\"image_svg_color\":\"emphasis\",\"image_vertical_align\":true,\"list_element\":\"ul\",\"list_horizontal_separator\":\", \",\"list_marker\":\"disc\",\"list_marker_color\":\"primary\",\"list_type\":\"vertical\",\"position\":\"relative\",\"position_z_index\":\"1\",\"show_image\":true,\"show_link\":true},\"children\":[{\"type\":\"list_item\",\"props\":{\"content\":\"\n\n<p>Interesse an einem Job, der handwerklich-praktische, theoretische und organisatorische T\\u00e4tigkeiten vereint.<\\\/p>\"}},{\"type\":\"list_item\",\"props\":{\"content\":\"\n\n<p>Technisches Verst\\u00e4ndnis und die F\\u00e4higkeit, komplexe Zusammenh\\u00e4nge zu erfassen.<\\\/p>\"}},{\"type\":\"list_item\",\"props\":{\"content\":\"\n\n<p>Handwerkliches Geschick und die F\\u00e4higkeit, pr\\u00e4zise und sorgf\\u00e4ltig zu arbeiten.<\\\/p>\"}},{\"type\":\"list_item\",\"props\":{\"content\":\"\n\n<p>Verantwortungsbewusstsein, Zuverl\\u00e4ssigkeit und Flexibilit\\u00e4t, um den Anforderungen des Berufs gerecht zu werden.<\\\/p>\"}}]}]},{\"type\":\"column\",\"props\":{\"image_position\":\"center-center\",\"position_sticky_breakpoint\":\"m\",\"width_medium\":\"1-3\"},\"children\":[{\"type\":\"headline\",\"props\":{\"content\":\"Jetzt bewerben\",\"title_element\":\"h1\"}},{\"type\":\"panel\",\"props\":{\"content\":\"\n\n<p>[formidable id=2]<\\\/p>\",\"content_column_breakpoint\":\"m\",\"icon_width\":80,\"image_align\":\"top\",\"image_grid_breakpoint\":\"m\",\"image_grid_width\":\"1-2\",\"image_svg_color\":\"emphasis\",\"link_style\":\"default\",\"link_text\":\"Read more\",\"margin\":\"default\",\"meta_align\":\"below-title\",\"meta_element\":\"div\",\"meta_style\":\"text-meta\",\"panel_padding\":\"default\",\"panel_style\":\"card-default\",\"title\":\"\",\"title_align\":\"top\",\"title_element\":\"h3\",\"title_grid_breakpoint\":\"m\",\"title_grid_width\":\"1-2\",\"title_hover_style\":\"reset\"}}]}],\"props\":{\"divider\":true,\"layout\":\"2-3,1-3\"}}],\"name\":\"Job Description\"}],\"version\":\"4.0.7\"} --><\/p>\n","protected":false},"excerpt":{"rendered":"<p>Auszubildenden (m\/w\/d) als Anlagenmechaniker SHK sofort Arbeitsbeginn unbefristet Befristung Vollzeit Vertragsart Beschreibung M\u00f6chtest du eine berufliche T\u00e4tigkeit aus\u00fcben, bei der du deine handwerklichen F\u00e4higkeiten aktiv einsetzen kannst? Dann starte deine Karriere bei uns als Auszubildender zum\/zur Anlagenmechaniker\/-in f\u00fcr Sanit\u00e4r-, Heizungs- und Klimatechnik! Als Auszubildender zum\/zur Anlagenmechaniker\/-in f\u00fcr Sanit\u00e4r-, Heizungs- und Klimatechnik bist du stets unterwegs, [&hellip;]<\/p>\n","protected":false},"author":1,"featured_media":0,"parent":0,"menu_order":0,"comment_status":"closed","ping_status":"closed","template":"","meta":{"_acf_changed":false,"footnotes":""},"class_list":["post-1495","page","type-page","status-publish","hentry"],"acf":[],"_links":{"self":[{"href":"https:\/\/karriere.xn--gsgen-kva.com\/index.php?rest_route=\/wp\/v2\/pages\/1495","targetHints":{"allow":["GET"]}}],"collection":[{"href":"https:\/\/karriere.xn--gsgen-kva.com\/index.php?rest_route=\/wp\/v2\/pages"}],"about":[{"href":"https:\/\/karriere.xn--gsgen-kva.com\/index.php?rest_route=\/wp\/v2\/types\/page"}],"author":[{"embeddable":true,"href":"https:\/\/karriere.xn--gsgen-kva.com\/index.php?rest_route=\/wp\/v2\/users\/1"}],"replies":[{"embeddable":true,"href":"https:\/\/karriere.xn--gsgen-kva.com\/index.php?rest_route=%2Fwp%2Fv2%2Fcomments&post=1495"}],"version-history":[{"count":5,"href":"https:\/\/karriere.xn--gsgen-kva.com\/index.php?rest_route=\/wp\/v2\/pages\/1495\/revisions"}],"predecessor-version":[{"id":1692,"href":"https:\/\/karriere.xn--gsgen-kva.com\/index.php?rest_route=\/wp\/v2\/pages\/1495\/revisions\/1692"}],"wp:attachment":[{"href":"https:\/\/karriere.xn--gsgen-kva.com\/index.php?rest_route=%2Fwp%2Fv2%2Fmedia&parent=1495"}],"curies":[{"name":"wp","href":"https:\/\/api.w.org\/{rel}","templated":true}]}}